ctor of 156 and 663.
39
Calculate the greatest common divisor of 4300 and 40.
20
What is the highest common factor of 2665 and 1560?
65
What is the greatest common factor of 7 and 37?
1
Calculate the greatest common factor of 13 and 20644.
13
Calculate the greatest common factor of 858 and 78.
78
What is the highest common divisor of 16 and 272?
16
What is the highest common factor of 45 and 12105?
45
What is the highest common divisor of 374 and 34?
34
What is the highest common factor of 335 and 134?
67
Calculate the highest common factor of 86 and 9116.
86
What is the greatest common factor of 162 and 6?
6
Calculate the highest common factor of 817 and 152.
19
What is the highest common factor of 56 and 40712?
56
Calculate the highest common divisor of 876 and 6789.
219
Calculate the highest common divisor of 519 and 9.
3
Calculate the highest common factor of 1130 and 10.
10
What is the highest common factor of 24849 and 99?
99
Calculate the greatest common factor of 124 and 20.
4
What is the greatest common divisor of 1092 and 1344?
84
What is the highest common factor of 39 and 11531?
13
What is the highest common factor of 551 and 19?
19
What is the highest common factor of 2442 and 1998?
222
Calculate the greatest common divisor of 2 and 41.
1
What is the greatest common divisor of 45 and 75?
15
Calculate the greatest common factor of 18 and 354.
6
Calculate the greatest common divisor of 1 and 2621.
1
What is the highest common divisor of 26 and 2?
2
What is the greatest common factor of 6351 and 174?
87
Calculate the greatest common factor of 7296 and 12.
12
What is the highest common factor of 966 and 210?
42
What is the highest common divisor of 11 and 33?
11
What is the highest common factor of 414 and 774?
18
Calculate the greatest common divisor of 16 and 4304.
16
Calculate the greatest common factor of 64 and 28736.
64
What is the greatest common factor of 196 and 1456?
28
Calculate the highest common factor of 416 and 338.
26
What is the highest common factor of 2064 and 1935?
129
Calculate the greatest common divisor of 72 and 3208.
8
Calculate the highest common divisor of 750 and 6.
6
Calculate the greatest common divisor of 187 and 1496.
187
Calculate the greatest common divisor of 44 and 792.
44
What is the greatest common divisor of 106 and 848?
106
What is the highest common divisor of 9212 and 28?
28
What is the greatest common factor of 11776 and 368?
368
Calculate the greatest common divisor of 152 and 684.
76
Calculate the highest common divisor of 20944 and 112.
112
What is the greatest common factor of 369 and 82?
41
What is the greatest common factor of 13 and 1261?
13
Calculate the greatest common divisor of 1961 and 37.
37
Calculate the greatest common divisor of 15 and 14415.
15
What is the greatest common divisor of 1463 and 3157?
77
Calculate the highest common divisor of 11 and 517.
11
What is the highest common factor of 40 and 800?
40
What is the highest common divisor of 451 and 33?
11
What is the highest common divisor of 32 and 720?
16
Calculate the greatest common divisor of 620 and 465.
155
What is the greatest common factor of 136 and 232?
8
What is the highest common factor of 40 and 120?
40
Calculate the highest common factor of 648 and 72.
72
Calculate the highest common factor of 78 and 6.
6
What is the greatest common divisor of 10658 and 146?
146
What is the highest common factor of 18072 and 72?
72
Calculate the highest common divisor of 93 and 27528.
93
Calculate the highest common divisor of 2670 and 105.
15
What is the greatest common factor of 283 and 13301?
283
Calculate the highest common divisor of 106 and 2862.
106
What is the greatest common divisor of 11 and 99?
11
What is the greatest common factor of 31 and 1?
1
Calculate the greatest common factor of 128 and 32.
32
What is the highest common factor of 19 and 1?
1
Calculate the highest common divisor of 35 and 2709.
7
Calculate the highest common divisor of 451 and 22.
11
What is the highest common divisor of 486 and 18?
18
Calculate the greatest common divisor of 48 and 25328.
16
What is the greatest common factor of 1712 and 16?
16
Calculate the greatest common factor of 14 and 119.
7
Calculate the greatest common factor of 56 and 238.
14
Calculate the greatest common factor of 5 and 5120.
5
What is the highest common divisor of 89 and 3649?
89
Calculate the highest common factor of 105 and 875.
35
Calculate the greatest common divisor of 2252 and 12.
4
Calculate the greatest common divisor of 63 and 54.
9
What is the greatest common divisor of 101 and 1717?
101
Calculate the highest common divisor of 26398 and 134.
134
What is the highest common divisor of 35 and 140?
35
What is the highest common divisor of 5396 and 76?
76
What is the greatest common divisor of 2340 and 117?
117
What is the greatest common divisor of 1334 and 184?
46
Calculate the greatest common factor of 9 and 7119.
9
What is the highest common divisor of 112 and 350?
14
What is the highest common factor of 6 and 4392?
6
Calculate the greatest common factor of 4873 and 88.
11
Calculate the greatest common divisor of 742 and 56.
14
Calculate the highest common factor of 222 and 814.
74
Calculate the highest common factor of 264 and 624.
24
Calculate the highest common divisor of 8 and 416.
8
What is the greatest common divisor of 58 and 290?
58
Calculate the highest common factor of 322 and 736.
46
What is the greatest common divisor of 870 and 17226?
174
Calculate the highest common factor of 19 and 3021.
19
What is the greatest common divisor of 1105 and 65?
65
What is the highest common factor of 4 and 164?
4
What is the highest common factor of 416 and 4000?
32
Calculate the highest common factor of 322 and 126.
14
What is the greatest common divisor of 22 and 10?
2
Calculate the highest common divisor of 882 and 28.
14
What is the greatest common factor of 992 and 31?
31
Calculate the highest common divisor of 2975 and 255.
85
Calculate the highest common factor of 100 and 3620.
20
What is the greatest common divisor of 90 and 48?
6
What is the highest common factor of 45 and 10944?
9
Calculate the greatest common divisor of 105 and 60.
15
What is the greatest common factor of 637 and 245?
49
Calculate the greatest common divisor of 192 and 3872.
32
Calculate the greatest common divisor of 3 and 96.
3
Calculate the highest common factor of 952 and 544.
136
Calculate the greatest common factor of 12 and 39.
3
What is the greatest common divisor of 36 and 468?
36
Calculate the highest common factor of 120 and 45.
15
What is the greatest common factor of 94 and 1598?
94
Calculate the highest common divisor of 295 and 35.
5
What is the greatest common factor of 54 and 450?
18
What is the highest common divisor of 1239 and 84?
21
Calculate the greatest common factor of 64 and 80.
16
What is the highest common factor of 3477 and 38?
19
What is the greatest common divisor of 128 and 176?
16
What is the highest common factor of 96 and 36?
12
What is the greatest common factor of 430 and 20?
10
Calculate the highest common divisor of 6950 and 20.
10
What is the highest common factor of 765 and 24990?
255
Calculate the greatest common divisor of 424 and 16.
8
What is the greatest common factor of 19 and 75202?
19
What is the highest common divisor of 63 and 28?
7
Calculate the highest common divisor of 63 and 504.
63
What is the highest common factor of 160 and 352?
32
What is the highest common divisor of 3 and 143?
1
Calculate the greatest common divisor of 176 and 48.
16
Calculate the greatest common divisor of 261 and 23055.
87
What is the greatest common factor of 322 and 46?
46
What is the highest common factor of 112 and 64?
16
What is the greatest common factor of 636 and 10388?
212
What is the greatest common factor of 576 and 216?
72
Calculate the highest common factor of 1125 and 144.
9
What is the greatest common factor of 374 and 44?
22
What is the greatest common factor of 26 and 1586?
26
Calculate the greatest common factor of 1683 and 1275.
51
What is the greatest common divisor of 3075 and 492?
123
What is the greatest common factor of 14 and 1442?
14
Calculate the greatest common divisor of 14 and 16282.
14
What is the greatest common factor